{"id":275,"date":"2019-07-18T16:19:30","date_gmt":"2019-07-18T16:19:30","guid":{"rendered":"http:\/\/atelier-sichtweisen.de\/?page_id=275"},"modified":"2021-06-22T13:19:26","modified_gmt":"2021-06-22T13:19:26","slug":"ein-abstraktes-bild-entsteht","status":"publish","type":"page","link":"https:\/\/atelier-sichtweisen.de\/index.php\/bilder\/ein-abstraktes-bild-entsteht\/","title":{"rendered":"Ein abstraktes Bild entsteht"},"content":{"rendered":"<p>In vielen Arbeitsg\u00e4ngen \u00fcber mehrere Wochen hin entsteht das Bild &#8211; Schicht f\u00fcr Schicht. \u00a0 Ich lasse es dazwischen immer erst trocknen, bevor die n\u00e4chste Schicht aufgetragen wird, mindestens eine Woche, oft auch l\u00e4nger.<\/p>\n<p>Als Erstes eine Untermalung in Acryl, darauf die erste Schicht \u00d6lfarbe.<\/p>\n<p>&nbsp;<\/p>\n<div id='gallery-1' class='gallery galleryid-275 gallery-columns-1 gallery-size-medium'><figure class='gallery-item'>\n\t\t\t<div class='gallery-icon portrait'>\n\t\t\t\t<a href='https:\/\/atelier-sichtweisen.de\/wp-content\/uploads\/2019\/07\/IMG_2017.jpg'><img loading=\"lazy\" decoding=\"async\" width=\"225\" height=\"300\" src=\"https:\/\/atelier-sichtweisen.de\/wp-content\/uploads\/2019\/07\/IMG_2017-225x300.jpg\" class=\"attachment-medium size-medium\" alt=\"\" aria-describedby=\"gallery-1-274\" srcset=\"https:\/\/atelier-sichtweisen.de\/wp-content\/uploads\/2019\/07\/IMG_2017-225x300.jpg 225w, https:\/\/atelier-sichtweisen.de\/wp-content\/uploads\/2019\/07\/IMG_2017.jpg 540w\" sizes=\"auto, 100vw\" \/><\/a>\n\t\t\t<\/div>\n\t\t\t\t<figcaption class='wp-caption-text gallery-caption' id='gallery-1-274'>\n\t\t\t\t13. Mai 2019 &#8211; Untermalung mit Acrylfarbe\n\t\t\t\t<\/figcaption><\/figure><figure class='gallery-item'>\n\t\t\t<div class='gallery-icon portrait'>\n\t\t\t\t<a href='https:\/\/atelier-sichtweisen.de\/wp-content\/uploads\/2019\/07\/IMG_2063.jpg'><img loading=\"lazy\" decoding=\"async\" width=\"221\" height=\"300\" src=\"https:\/\/atelier-sichtweisen.de\/wp-content\/uploads\/2019\/07\/IMG_2063-221x300.jpg\" class=\"attachment-medium size-medium\" alt=\"\" aria-describedby=\"gallery-1-272\" srcset=\"https:\/\/atelier-sichtweisen.de\/wp-content\/uploads\/2019\/07\/IMG_2063-221x300.jpg 221w, https:\/\/atelier-sichtweisen.de\/wp-content\/uploads\/2019\/07\/IMG_2063.jpg 531w\" sizes=\"auto, 100vw\" \/><\/a>\n\t\t\t<\/div>\n\t\t\t\t<figcaption class='wp-caption-text gallery-caption' id='gallery-1-272'>\n\t\t\t\tDie erste Schicht mit \u00d6lfarbe\n\t\t\t\t<\/figcaption><\/figure><figure class='gallery-item'>\n\t\t\t<div class='gallery-icon portrait'>\n\t\t\t\t<a href='https:\/\/atelier-sichtweisen.de\/wp-content\/uploads\/2019\/07\/IMG_2074.jpg'><img loading=\"lazy\" decoding=\"async\" width=\"220\" height=\"300\" src=\"https:\/\/atelier-sichtweisen.de\/wp-content\/uploads\/2019\/07\/IMG_2074-220x300.jpg\" class=\"attachment-medium size-medium\" alt=\"\" aria-describedby=\"gallery-1-269\" srcset=\"https:\/\/atelier-sichtweisen.de\/wp-content\/uploads\/2019\/07\/IMG_2074-220x300.jpg 220w, https:\/\/atelier-sichtweisen.de\/wp-content\/uploads\/2019\/07\/IMG_2074.jpg 527w\" sizes=\"auto, 100vw\" \/><\/a>\n\t\t\t<\/div>\n\t\t\t\t<figcaption class='wp-caption-text gallery-caption' id='gallery-1-269'>\n\t\t\t\t20. Mai 2019\n\t\t\t\t<\/figcaption><\/figure><figure class='gallery-item'>\n\t\t\t<div class='gallery-icon portrait'>\n\t\t\t\t<a href='https:\/\/atelier-sichtweisen.de\/wp-content\/uploads\/2019\/07\/IMG_2087.jpg'><img loading=\"lazy\" decoding=\"async\" width=\"227\" height=\"300\" src=\"https:\/\/atelier-sichtweisen.de\/wp-content\/uploads\/2019\/07\/IMG_2087-227x300.jpg\" class=\"attachment-medium size-medium\" alt=\"\" aria-describedby=\"gallery-1-268\" srcset=\"https:\/\/atelier-sichtweisen.de\/wp-content\/uploads\/2019\/07\/IMG_2087-227x300.jpg 227w, https:\/\/atelier-sichtweisen.de\/wp-content\/uploads\/2019\/07\/IMG_2087.jpg 545w\" sizes=\"auto, 100vw\" \/><\/a>\n\t\t\t<\/div>\n\t\t\t\t<figcaption class='wp-caption-text gallery-caption' id='gallery-1-268'>\n\t\t\t\t27. Mai 2019\n\t\t\t\t<\/figcaption><\/figure><figure class='gallery-item'>\n\t\t\t<div class='gallery-icon portrait'>\n\t\t\t\t<a href='https:\/\/atelier-sichtweisen.de\/wp-content\/uploads\/2019\/07\/IMG_2122.jpg'><img loading=\"lazy\" decoding=\"async\" width=\"225\" height=\"300\" src=\"https:\/\/atelier-sichtweisen.de\/wp-content\/uploads\/2019\/07\/IMG_2122-225x300.jpg\" class=\"attachment-medium size-medium\" alt=\"\" aria-describedby=\"gallery-1-267\" srcset=\"https:\/\/atelier-sichtweisen.de\/wp-content\/uploads\/2019\/07\/IMG_2122-225x300.jpg 225w, https:\/\/atelier-sichtweisen.de\/wp-content\/uploads\/2019\/07\/IMG_2122.jpg 540w\" sizes=\"auto, 100vw\" \/><\/a>\n\t\t\t<\/div>\n\t\t\t\t<figcaption class='wp-caption-text gallery-caption' id='gallery-1-267'>\n\t\t\t\t6. Juni 2019\n\t\t\t\t<\/figcaption><\/figure><figure class='gallery-item'>\n\t\t\t<div class='gallery-icon portrait'>\n\t\t\t\t<a href='https:\/\/atelier-sichtweisen.de\/wp-content\/uploads\/2019\/07\/IMG_2173.jpg'><img loading=\"lazy\" decoding=\"async\" width=\"225\" height=\"300\" src=\"https:\/\/atelier-sichtweisen.de\/wp-content\/uploads\/2019\/07\/IMG_2173-225x300.jpg\" class=\"attachment-medium size-medium\" alt=\"\" aria-describedby=\"gallery-1-289\" srcset=\"https:\/\/atelier-sichtweisen.de\/wp-content\/uploads\/2019\/07\/IMG_2173-225x300.jpg 225w, https:\/\/atelier-sichtweisen.de\/wp-content\/uploads\/2019\/07\/IMG_2173.jpg 540w\" sizes=\"auto, 100vw\" \/><\/a>\n\t\t\t<\/div>\n\t\t\t\t<figcaption class='wp-caption-text gallery-caption' id='gallery-1-289'>\n\t\t\t\t1. Juli 2019\n\t\t\t\t<\/figcaption><\/figure><figure class='gallery-item'>\n\t\t\t<div class='gallery-icon portrait'>\n\t\t\t\t<a href='https:\/\/atelier-sichtweisen.de\/wp-content\/uploads\/2019\/07\/IMG_2177-Kopie.jpeg'><img loading=\"lazy\" decoding=\"async\" width=\"225\" height=\"300\" src=\"https:\/\/atelier-sichtweisen.de\/wp-content\/uploads\/2019\/07\/IMG_2177-Kopie-225x300.jpeg\" class=\"attachment-medium size-medium\" alt=\"\" aria-describedby=\"gallery-1-288\" srcset=\"https:\/\/atelier-sichtweisen.de\/wp-content\/uploads\/2019\/07\/IMG_2177-Kopie-225x300.jpeg 225w, https:\/\/atelier-sichtweisen.de\/wp-content\/uploads\/2019\/07\/IMG_2177-Kopie.jpeg 540w\" sizes=\"auto, 100vw\" \/><\/a>\n\t\t\t<\/div>\n\t\t\t\t<figcaption class='wp-caption-text gallery-caption' id='gallery-1-288'>\n\t\t\t\t8. Juli 2019\n\t\t\t\t<\/figcaption><\/figure>\n\t\t<\/div>\n\n<div id='gallery-2' class='gallery galleryid-275 gallery-columns-1 gallery-size-medium'><figure class='gallery-item'>\n\t\t\t<div class='gallery-icon portrait'>\n\t\t\t\t<a href='https:\/\/atelier-sichtweisen.de\/wp-content\/uploads\/2019\/09\/IMG_2379.jpg'><img loading=\"lazy\" decoding=\"async\" width=\"219\" height=\"300\" src=\"https:\/\/atelier-sichtweisen.de\/wp-content\/uploads\/2019\/09\/IMG_2379-219x300.jpg\" class=\"attachment-medium size-medium\" alt=\"\" aria-describedby=\"gallery-2-453\" srcset=\"https:\/\/atelier-sichtweisen.de\/wp-content\/uploads\/2019\/09\/IMG_2379-219x300.jpg 219w, https:\/\/atelier-sichtweisen.de\/wp-content\/uploads\/2019\/09\/IMG_2379.jpg 526w\" sizes=\"auto, 100vw\" \/><\/a>\n\t\t\t<\/div>\n\t\t\t\t<figcaption class='wp-caption-text gallery-caption' id='gallery-2-453'>\n\t\t\t\t21. August 2019\n\t\t\t\t<\/figcaption><\/figure><figure class='gallery-item'>\n\t\t\t<div class='gallery-icon portrait'>\n\t\t\t\t<a href='https:\/\/atelier-sichtweisen.de\/wp-content\/uploads\/2019\/09\/IMG_2403.jpg'><img loading=\"lazy\" decoding=\"async\" width=\"229\" height=\"300\" src=\"https:\/\/atelier-sichtweisen.de\/wp-content\/uploads\/2019\/09\/IMG_2403-229x300.jpg\" class=\"attachment-medium size-medium\" alt=\"\" aria-describedby=\"gallery-2-452\" srcset=\"https:\/\/atelier-sichtweisen.de\/wp-content\/uploads\/2019\/09\/IMG_2403-229x300.jpg 229w, https:\/\/atelier-sichtweisen.de\/wp-content\/uploads\/2019\/09\/IMG_2403.jpg 550w\" sizes=\"auto, 100vw\" \/><\/a>\n\t\t\t<\/div>\n\t\t\t\t<figcaption class='wp-caption-text gallery-caption' id='gallery-2-452'>\n\t\t\t\t2. September 2019\n\t\t\t\t<\/figcaption><\/figure><figure class='gallery-item'>\n\t\t\t<div class='gallery-icon portrait'>\n\t\t\t\t<a href='https:\/\/atelier-sichtweisen.de\/wp-content\/uploads\/2019\/09\/IMG_2408.jpg'><img loading=\"lazy\" decoding=\"async\" width=\"220\" height=\"300\" src=\"https:\/\/atelier-sichtweisen.de\/wp-content\/uploads\/2019\/09\/IMG_2408-220x300.jpg\" class=\"attachment-medium size-medium\" alt=\"\" aria-describedby=\"gallery-2-451\" srcset=\"https:\/\/atelier-sichtweisen.de\/wp-content\/uploads\/2019\/09\/IMG_2408-220x300.jpg 220w, https:\/\/atelier-sichtweisen.de\/wp-content\/uploads\/2019\/09\/IMG_2408.jpg 528w\" sizes=\"auto, 100vw\" \/><\/a>\n\t\t\t<\/div>\n\t\t\t\t<figcaption class='wp-caption-text gallery-caption' id='gallery-2-451'>\n\t\t\t\t9. September 2019\n\t\t\t\t<\/figcaption><\/figure>\n\t\t<\/div>\n\n<p><a href=\"https:\/\/atelier-sichtweisen.de\/wp-content\/uploads\/2021\/06\/IMG_1312.jpg\"><img loading=\"lazy\" decoding=\"async\" class=\"wp-image-585 size-medium aligncenter\" src=\"https:\/\/atelier-sichtweisen.de\/wp-content\/uploads\/2021\/06\/IMG_1312-225x300.jpg\" alt=\"\" width=\"225\" height=\"300\" srcset=\"https:\/\/atelier-sichtweisen.de\/wp-content\/uploads\/2021\/06\/IMG_1312-225x300.jpg 225w, https:\/\/atelier-sichtweisen.de\/wp-content\/uploads\/2021\/06\/IMG_1312.jpg 540w\" sizes=\"auto, (max-width: 225px) 100vw, 225px\" \/><\/a><\/p>\n","protected":false},"excerpt":{"rendered":"<p>In vielen Arbeitsg\u00e4ngen \u00fcber mehrere Wochen hin entsteht das Bild &#8211; Schicht f\u00fcr Schicht. \u00a0 Ich lasse es dazwischen immer erst trocknen, bevor die n\u00e4chste Schicht aufgetragen wird, mindestens eine Woche, oft auch l\u00e4nger. Als Erstes eine Untermalung in Acryl, darauf die erste Schicht \u00d6lfarbe. &nbsp;<\/p>\n","protected":false},"author":3,"featured_media":0,"parent":63,"menu_order":1,"comment_status":"closed","ping_status":"closed","template":"","meta":{"footnotes":""},"class_list":["post-275","page","type-page","status-publish","hentry"],"_links":{"self":[{"href":"https:\/\/atelier-sichtweisen.de\/index.php\/wp-json\/wp\/v2\/pages\/275","targetHints":{"allow":["GET"]}}],"collection":[{"href":"https:\/\/atelier-sichtweisen.de\/index.php\/wp-json\/wp\/v2\/pages"}],"about":[{"href":"https:\/\/atelier-sichtweisen.de\/index.php\/wp-json\/wp\/v2\/types\/page"}],"author":[{"embeddable":true,"href":"https:\/\/atelier-sichtweisen.de\/index.php\/wp-json\/wp\/v2\/users\/3"}],"replies":[{"embeddable":true,"href":"https:\/\/atelier-sichtweisen.de\/index.php\/wp-json\/wp\/v2\/comments?post=275"}],"version-history":[{"count":13,"href":"https:\/\/atelier-sichtweisen.de\/index.php\/wp-json\/wp\/v2\/pages\/275\/revisions"}],"predecessor-version":[{"id":599,"href":"https:\/\/atelier-sichtweisen.de\/index.php\/wp-json\/wp\/v2\/pages\/275\/revisions\/599"}],"up":[{"embeddable":true,"href":"https:\/\/atelier-sichtweisen.de\/index.php\/wp-json\/wp\/v2\/pages\/63"}],"wp:attachment":[{"href":"https:\/\/atelier-sichtweisen.de\/index.php\/wp-json\/wp\/v2\/media?parent=275"}],"curies":[{"name":"wp","href":"https:\/\/api.w.org\/{rel}","templated":true}]}}