{"id":54,"date":"2019-02-16T18:01:57","date_gmt":"2019-02-16T18:01:57","guid":{"rendered":"http:\/\/atelier-sichtweisen.de\/?page_id=54"},"modified":"2021-03-21T17:27:30","modified_gmt":"2021-03-21T17:27:30","slug":"lebenslauf","status":"publish","type":"page","link":"https:\/\/atelier-sichtweisen.de\/index.php\/lebenslauf\/","title":{"rendered":"\u00dcber mich"},"content":{"rendered":"<p><span style=\"font-size: 1rem;\">Seit einigen Jahren arbeite ich in meinem<\/span><span style=\"font-size: 1rem;\">\u00a0<\/span><a style=\"font-size: 1rem;\" href=\"http:\/\/atelier-sichtweisen.de\/index.php\/kontakt\/\">Atelier\u00a0<\/a><span style=\"font-size: 1rem;\">in der M\u00f6rikestra\u00dfe in Essen. (F\u00fcr Nicht-Ortskundige: hinter dem Folkwang-Museum).\u00a0<\/span><\/p>\n<p>An der Ruhr-Universit\u00e4t studierte ich Germanistik, Russistik, Philosophie und P\u00e4dagogik und sp\u00e4ter an der Universit\u00e4t Essen Kunst. Ich war<span class=\"Apple-converted-space\">\u00a0<\/span>\u00a0Deutsch- und Kunstlehrerin an einer Gesamtschule, eine Aufgabe, die mich auch in meiner freien k\u00fcnstlerischen Arbeit bereicherte.<span class=\"Apple-converted-space\">\u00a0<\/span><\/p>\n","protected":false},"excerpt":{"rendered":"<p>Seit einigen Jahren arbeite ich in meinem\u00a0Atelier\u00a0in der M\u00f6rikestra\u00dfe in Essen. (F\u00fcr Nicht-Ortskundige: hinter dem Folkwang-Museum).\u00a0 An der Ruhr-Universit\u00e4t studierte ich Germanistik, Russistik, Philosophie und P\u00e4dagogik und sp\u00e4ter an der Universit\u00e4t Essen Kunst. Ich war\u00a0\u00a0Deutsch- und Kunstlehrerin an einer Gesamtschule, eine Aufgabe, die mich auch in meiner freien k\u00fcnstlerischen Arbeit bereicherte.\u00a0<\/p>\n","protected":false},"author":3,"featured_media":0,"parent":0,"menu_order":2,"comment_status":"closed","ping_status":"closed","template":"","meta":{"footnotes":""},"class_list":["post-54","page","type-page","status-publish","hentry"],"_links":{"self":[{"href":"https:\/\/atelier-sichtweisen.de\/index.php\/wp-json\/wp\/v2\/pages\/54","targetHints":{"allow":["GET"]}}],"collection":[{"href":"https:\/\/atelier-sichtweisen.de\/index.php\/wp-json\/wp\/v2\/pages"}],"about":[{"href":"https:\/\/atelier-sichtweisen.de\/index.php\/wp-json\/wp\/v2\/types\/page"}],"author":[{"embeddable":true,"href":"https:\/\/atelier-sichtweisen.de\/index.php\/wp-json\/wp\/v2\/users\/3"}],"replies":[{"embeddable":true,"href":"https:\/\/atelier-sichtweisen.de\/index.php\/wp-json\/wp\/v2\/comments?post=54"}],"version-history":[{"count":12,"href":"https:\/\/atelier-sichtweisen.de\/index.php\/wp-json\/wp\/v2\/pages\/54\/revisions"}],"predecessor-version":[{"id":524,"href":"https:\/\/atelier-sichtweisen.de\/index.php\/wp-json\/wp\/v2\/pages\/54\/revisions\/524"}],"wp:attachment":[{"href":"https:\/\/atelier-sichtweisen.de\/index.php\/wp-json\/wp\/v2\/media?parent=54"}],"curies":[{"name":"wp","href":"https:\/\/api.w.org\/{rel}","templated":true}]}}